{"id":1016,"date":"2025-02-25T10:23:17","date_gmt":"2025-02-25T10:23:17","guid":{"rendered":"https:\/\/www.elungdom.se\/vintermotet\/?page_id=1016"},"modified":"2026-02-24T13:22:56","modified_gmt":"2026-02-24T13:22:56","slug":"aktiviteter","status":"publish","type":"page","link":"https:\/\/www.elungdom.se\/vintermotet\/aktiviteter\/","title":{"rendered":"Aktiviteter"},"content":{"rendered":"<div class=\"et_pb_section_0 et_pb_section et_section_regular et_block_section et_animated preset--module--divi-section--698b0e7a9a71e\">\n<div class=\"et_pb_row_0 et_pb_row et_block_row preset--module--divi-row--d5418d40-b6d1-4e81-a330-b31e2d4292d9\">\n<div class=\"et_pb_column_0 et_pb_column et_pb_column_4_4 et-last-child et_block_column et_pb_css_mix_blend_mode_passthrough preset--module--divi-column--default\">\n<div class=\"et_pb_text_0 et_pb_text et_pb_bg_layout_light et_pb_module et_block_module preset--module--divi-text--default\"><div class=\"et_pb_text_inner\"><h3>Under l\u00f6rdagens eftermiddag finns det flera <span style=\"color: #ea85e7;\">aktiviteter<\/span> att v\u00e4lja mellan och under hela konferensen finns en massa sp\u00e4nnande <span style=\"color: #000ee0;\">montrar <\/span>att bes\u00f6ka. <span style=\"color: #0021dd;\">Montrarna<\/span> finns i ELF H\u00e4ssleholms lokaler.<\/h3>\n<\/div><\/div>\n\n<div class=\"et_pb_blurb_0 et_pb_blurb et_pb_bg_layout_light et_pb_blurb_position_top et_pb_module et_block_module preset--module--divi-blurb--c045eea4-1bf5-426e-9518-af8b47add9c0\"><div class=\"et_pb_blurb_content\"><div class=\"et_pb_main_blurb_image\"><span class=\"et_pb_image_wrap\"><span class=\"et-pb-icon et-waypoint et_pb_animation_top et_pb_animation_top_tablet et_pb_animation_top_phone\">\uf647<\/span><\/span><\/div><div class=\"et_pb_blurb_container\"><div class=\"et_pb_blurb_description\"><p><span style=\"font-weight: 400;\"><strong>Strandhems Bibel- och l\u00e4rjungaskola<\/strong> - Snacka med oss i v\u00e5r monter! V<span>i vill vara en bibelskola som \u00e4r relevant f\u00f6r v\u00e5r tid, en bibelskola som b\u00e5de m\u00f6ter behovet av f\u00f6rdjupning i bibelkunskap och som samtidigt ger grunden f\u00f6r att leva ett liv som l\u00e4rjunge till Jesus.<\/span><\/span><\/p>\n<p>&nbsp;<\/p>\n<\/div><\/div><\/div><\/div>\n\n<div class=\"et_pb_blurb_1 et_pb_blurb et_pb_bg_layout_light et_pb_blurb_position_top et_pb_module et_block_module preset--module--divi-blurb--c045eea4-1bf5-426e-9518-af8b47add9c0\"><div class=\"et_pb_blurb_content\"><div class=\"et_pb_main_blurb_image\"><span class=\"et_pb_image_wrap\"><span class=\"et-pb-icon et-waypoint et_pb_animation_top et_pb_animation_top_tablet et_pb_animation_top_phone\">\uf549<\/span><\/span><\/div><div class=\"et_pb_blurb_container\"><div class=\"et_pb_blurb_description\"><p><span style=\"font-weight: 400;\"><strong>Credo Skola<\/strong> - Credo st\u00f6djer skolungdomar och skolgrupper. Vi bes\u00f6ker g\u00e4rna lektioner, din skolgrupp eller hj\u00e4lper dig starta en. Prata med oss, d\u00e5 vi g\u00e4rna hj\u00e4lper dig!<\/span><\/p>\n<p>&nbsp;<\/p>\n<\/div><\/div><\/div><\/div>\n\n<div class=\"et_pb_blurb_2 et_pb_blurb et_pb_bg_layout_light et_pb_blurb_position_top et_pb_module et_block_module preset--module--divi-blurb--c045eea4-1bf5-426e-9518-af8b47add9c0\"><div class=\"et_pb_blurb_content\"><div class=\"et_pb_main_blurb_image\"><span class=\"et_pb_image_wrap\"><span class=\"et-pb-icon et-waypoint et_pb_animation_top et_pb_animation_top_tablet et_pb_animation_top_phone\">\uf51d<\/span><\/span><\/div><div class=\"et_pb_blurb_container\"><div class=\"et_pb_blurb_description\"><p><span style=\"font-weight: 400;\"><strong>ELM<\/strong> - <span>ELM vill att m\u00e4nniskor ska komma till en personlig och levande tro p\u00e5\u00a0<\/span>Jesus Kristus! Hur och varf\u00f6r? Kom och samtala med oss om ELMs framtid! Vi vill definieras av k\u00e4rleken till Jesus och andra m\u00e4nniskor som driver oss ut att missionera, tilltron till Guds ord och att vara ett l\u00e5gkyrklig, <span>evangelisk-lutherskt missionss\u00e4llskap.<\/span><\/span><\/p>\n<p>&nbsp;<\/p>\n<\/div><\/div><\/div><\/div>\n\n<div class=\"et_pb_blurb_3 et_pb_blurb et_pb_bg_layout_light et_pb_blurb_position_top et_pb_module et_block_module preset--module--divi-blurb--c045eea4-1bf5-426e-9518-af8b47add9c0\"><div class=\"et_pb_blurb_content\"><div class=\"et_pb_main_blurb_image\"><span class=\"et_pb_image_wrap\"><span class=\"et-pb-icon et-waypoint et_pb_animation_top et_pb_animation_top_tablet et_pb_animation_top_phone\">\uf0ac<\/span><\/span><\/div><div class=\"et_pb_blurb_container\"><div class=\"et_pb_blurb_description\"><p><span style=\"font-weight: 400;\"><strong>NOREA SVERIGE<\/strong> - <span>Vi \u00e4r en frist\u00e5ende missionsorganisation och v\u00e5rt hj\u00e4rta \u00e4r att m\u00e4nniskor ska f\u00e5 h\u00f6ra om Jesus \u2013 p\u00e5 sitt eget spr\u00e5k och i sin egen vardag, med hj\u00e4lp av moderna medier, poddar, radio, sociala medier och mer. <strong>Jesus helt enkelt<\/strong> \u00e4r v\u00e5r sociala medier-satsning d\u00e4r vi vill ge hopp och \u00f6ppna d\u00f6rrar f\u00f6r evangliet.<\/span><\/span><\/p>\n<p>&nbsp;<\/p>\n<\/div><\/div><\/div><\/div>\n\n<div class=\"et_pb_blurb_4 et_pb_blurb et_pb_bg_layout_light et_pb_blurb_position_top et_pb_module et_block_module preset--module--divi-blurb--c045eea4-1bf5-426e-9518-af8b47add9c0\"><div class=\"et_pb_blurb_content\"><div class=\"et_pb_main_blurb_image\"><span class=\"et_pb_image_wrap\"><span class=\"et-pb-icon et-waypoint et_pb_animation_top et_pb_animation_top_tablet et_pb_animation_top_phone\">\uf654<\/span><\/span><\/div><div class=\"et_pb_blurb_container\"><div class=\"et_pb_blurb_description\"><p><span style=\"font-weight: 400;\"><strong>ELU<\/strong> - ELU \u00e4r en ungdomsorganisation som vill kalla, utrusta och s\u00e4nda unga m\u00e4nniskor till ett liv med Jesus. Vill du vara med i detta? Snacka med oss och bolla tankar och id\u00e9er om hur detta g\u00f6rs i vardagen. H\u00e4r finns ocks\u00e5 ELU-merch att k\u00f6pa!<\/span><\/p>\n<p>&nbsp;<\/p>\n<\/div><\/div><\/div><\/div>\n\n<div class=\"et_pb_blurb_5 et_pb_blurb et_pb_bg_layout_light et_pb_blurb_position_top et_pb_module et_block_module preset--module--divi-blurb--c045eea4-1bf5-426e-9518-af8b47add9c0\"><div class=\"et_pb_blurb_content\"><div class=\"et_pb_main_blurb_image\"><span class=\"et_pb_image_wrap\"><span class=\"et-pb-icon et-waypoint et_pb_animation_top et_pb_animation_top_tablet et_pb_animation_top_phone\">\uf70c<\/span><\/span><\/div><div class=\"et_pb_blurb_container\"><div class=\"et_pb_blurb_description\"><p><strong>Aktiviteter<\/strong> - <span style=\"font-weight: 400;\">Fler olika aktiviteter kommer att finnas tillg\u00e4ngliga f\u00f6r att delta i p\u00e5 konferensen. Fler presenteras snart.\u00a0<\/span><\/p>\n<p>&nbsp;<\/p>\n<\/div><\/div><\/div><\/div>\n\n<div class=\"et_pb_blurb_6 et_pb_blurb et_pb_bg_layout_light et_pb_blurb_position_top et_pb_module et_block_module preset--module--divi-blurb--c045eea4-1bf5-426e-9518-af8b47add9c0\"><div class=\"et_pb_blurb_content\"><div class=\"et_pb_main_blurb_image\"><span class=\"et_pb_image_wrap\"><span class=\"et-pb-icon et-waypoint et_pb_animation_top et_pb_animation_top_tablet et_pb_animation_top_phone\">\uf51f<\/span><\/span><\/div><div class=\"et_pb_blurb_container\"><div class=\"et_pb_blurb_description\"><p><b>Discgolf <\/b>- H\u00e4ng med och spela discgolf p\u00e5 H\u00e4ssleholms fina bana! <span style=\"font-weight: 400;\"><a href=\"https:\/\/forms.gle\/7yZsdnPNRiqYF8zg6\">Anm\u00e4lan sker h\u00e4r.<\/a> Det beh\u00f6vs bil (eller plats i n\u00e5gon annans bil) f\u00f6r att \u00e5ka till banan. Discar finns att l\u00e5na, men eventuell ban-avgift f\u00e5r man st\u00e5 f\u00f6r sj\u00e4lv.<\/span><\/p>\n<p>&nbsp;<\/p>\n<\/div><\/div><\/div><\/div>\n<\/div>\n<\/div>\n\n<div class=\"et_pb_row_1 et_pb_row et_flex_row preset--module--divi-row--default\">\n<div class=\"et_pb_column_1 et_pb_column et-last-child et_flex_column et_pb_css_mix_blend_mode_passthrough et_flex_column_24_24 et_flex_column_24_24_tablet et_flex_column_24_24_phone preset--module--divi-column--default\">\n<div class=\"et_pb_module et_pb_button_module_wrapper et_pb_button_0_wrapper preset--module--divi-button--2a3fb009-bba8-4d4d-b0bf-a1f939739545_wrapper\"><a class=\"et_pb_button_0 et_pb_button et_pb_bg_layout_dark et_pb_module et_block_module preset--module--divi-button--2a3fb009-bba8-4d4d-b0bf-a1f939739545\" href=\"https:\/\/www.elungdom.se\/vintermotet\/program\/\">Program<\/a><\/div>\n\n<div class=\"et_pb_module et_pb_button_module_wrapper et_pb_button_1_wrapper preset--module--divi-button--2a3fb009-bba8-4d4d-b0bf-a1f939739545_wrapper\"><a class=\"et_pb_button_1 et_pb_button et_pb_bg_layout_dark et_pb_module et_block_module preset--module--divi-button--2a3fb009-bba8-4d4d-b0bf-a1f939739545\" href=\"https:\/\/www.elungdom.se\/vintermotet\/talare\/\">Medverkande<\/a><\/div>\n\n<div class=\"et_pb_module et_pb_button_module_wrapper et_pb_button_2_wrapper preset--module--divi-button--2a3fb009-bba8-4d4d-b0bf-a1f939739545_wrapper\"><a class=\"et_pb_button_2 et_pb_button et_pb_bg_layout_dark et_pb_module et_block_module preset--module--divi-button--2a3fb009-bba8-4d4d-b0bf-a1f939739545\" href=\"https:\/\/www.elungdom.se\/vintermotet\/seminarium\/\">Seminarium<\/a><\/div>\n\n<div class=\"et_pb_module et_pb_button_module_wrapper et_pb_button_3_wrapper preset--module--divi-button--2a3fb009-bba8-4d4d-b0bf-a1f939739545_wrapper\"><a class=\"et_pb_button_3 et_pb_button et_pb_bg_layout_dark et_pb_module et_block_module preset--module--divi-button--2a3fb009-bba8-4d4d-b0bf-a1f939739545\" href=\"https:\/\/www.elungdom.se\/vintermotet\/anmalan\/\">K\u00f6p biljett<\/a><\/div>\n<\/div>\n<\/div>\n\n<div class=\"et_pb_row_2 et_pb_row et_block_row preset--module--divi-row--d5418d40-b6d1-4e81-a330-b31e2d4292d9\">\n<div class=\"et_pb_column_2 et_pb_column et_pb_column_4_4 et-last-child et_block_column et_pb_css_mix_blend_mode_passthrough preset--module--divi-column--default\">\n<div class=\"et_pb_blurb_7 et_pb_blurb et_pb_bg_layout_light et_pb_blurb_position_top et_pb_module et_block_module preset--module--divi-blurb--c045eea4-1bf5-426e-9518-af8b47add9c0\"><div class=\"et_pb_blurb_content\"><div class=\"et_pb_main_blurb_image\"><span class=\"et_pb_image_wrap\"><span class=\"et-pb-icon et-waypoint et_pb_animation_top et_pb_animation_top_tablet et_pb_animation_top_phone\">\ue064<\/span><\/span><\/div><div class=\"et_pb_blurb_container\"><div class=\"et_pb_blurb_description\"><p style=\"text-align: center;\">Har du fr\u00e5gor om Vinterm\u00f6tet? H\u00f6r av dig till Oskar Wikdahl:<br \/><a href=\"mailto:oskar.wikdahl@elungdom.se\">oskar.wikdahl@elungdom.se<\/a><\/p>\n<\/div><\/div><\/div><\/div>\n<\/div>\n<\/div>\n<\/div>","protected":false},"excerpt":{"rendered":"","protected":false},"author":1,"featured_media":0,"parent":0,"menu_order":0,"comment_status":"closed","ping_status":"closed","template":"","meta":{"footnotes":""},"class_list":["post-1016","page","type-page","status-publish","hentry"],"_links":{"self":[{"href":"https:\/\/www.elungdom.se\/vintermotet\/wp-json\/wp\/v2\/pages\/1016","targetHints":{"allow":["GET"]}}],"collection":[{"href":"https:\/\/www.elungdom.se\/vintermotet\/wp-json\/wp\/v2\/pages"}],"about":[{"href":"https:\/\/www.elungdom.se\/vintermotet\/wp-json\/wp\/v2\/types\/page"}],"author":[{"embeddable":true,"href":"https:\/\/www.elungdom.se\/vintermotet\/wp-json\/wp\/v2\/users\/1"}],"replies":[{"embeddable":true,"href":"https:\/\/www.elungdom.se\/vintermotet\/wp-json\/wp\/v2\/comments?post=1016"}],"version-history":[{"count":14,"href":"https:\/\/www.elungdom.se\/vintermotet\/wp-json\/wp\/v2\/pages\/1016\/revisions"}],"predecessor-version":[{"id":1216,"href":"https:\/\/www.elungdom.se\/vintermotet\/wp-json\/wp\/v2\/pages\/1016\/revisions\/1216"}],"wp:attachment":[{"href":"https:\/\/www.elungdom.se\/vintermotet\/wp-json\/wp\/v2\/media?parent=1016"}],"curies":[{"name":"wp","href":"https:\/\/api.w.org\/{rel}","templated":true}]}}