{"id":124,"date":"2024-08-22T12:17:48","date_gmt":"2024-08-22T12:17:48","guid":{"rendered":"https:\/\/www.elungdom.se\/vintermotet\/?page_id=124"},"modified":"2026-02-23T11:47:40","modified_gmt":"2026-02-23T11:47:40","slug":"program","status":"publish","type":"page","link":"https:\/\/www.elungdom.se\/vintermotet\/program\/","title":{"rendered":"Program"},"content":{"rendered":"<div class=\"et_pb_section_0 et_pb_section et_section_regular et_block_section preset--module--divi-section--default\">\n<div class=\"et_pb_row_0 et_pb_row et_block_row preset--module--divi-row--default\">\n<div class=\"et_pb_column_0 et_pb_column et_pb_column_4_4 et-last-child et_block_column et_pb_css_mix_blend_mode_passthrough preset--module--divi-column--default\">\n<div class=\"et_pb_text_0 et_pb_text et_pb_bg_layout_light et_pb_module et_block_module preset--module--divi-text--default\"><div class=\"et_pb_text_inner\"><h5>Tryck p\u00e5 den dag du vill se programuppl\u00e4gget f\u00f6r.<\/h5>\n<p>&nbsp;<\/p>\n<\/div><\/div>\n\n<div class=\"et_pb_tabs_0 et_pb_tabs et_pb_module\"><ul class=\"et_pb_tabs_controls clearfix\"><li class=\"et_pb_tab_nav_item_0 et_pb_tab_nav_item et_pb_tab_0 et_pb_tab_active\"><a class=\"et_pb_tab_nav_item_link\" href=\"#\">Fredag 27\/2<\/a><\/li><li class=\"et_pb_tab_nav_item_1 et_pb_tab_nav_item et_pb_tab_1\"><a class=\"et_pb_tab_nav_item_link\" href=\"#\">L\u00f6rdag 28\/2<\/a><\/li><li class=\"et_pb_tab_nav_item_2 et_pb_tab_nav_item et_pb_tab_2\"><a class=\"et_pb_tab_nav_item_link\" href=\"#\">S\u00f6ndag 1\/3<\/a><\/li><\/ul><div class=\"et_pb_all_tabs\">\n<div class=\"et_pb_tab_0 et_pb_tab clearfix et_pb_active_content et_pb_module et_block_module\"><div class=\"et_pb_tab_content\"><p><strong>18.00<\/strong> D\u00f6rrarna \u00f6ppnar till <em>Kyrkan<\/em><br \/>Montrar \u00f6ppnar,<em> ELF H\u00e4ssleholm<\/em><br \/><strong>19.00<\/strong> <strong>Kv\u00e4llsm\u00f6te<\/strong> <em>Kyrkan<\/em><\/p>\n<h6><strong>Gud blir m\u00e4nniska - f\u00f6r oss<\/strong><\/h6>\n<h6>Jakob Andersson<\/h6>\n<p><span>Barnsamling <em>(samling p\u00e5 m\u00f6tet, g\u00e5r gemensamt till k\u00e4llaren i Kyrkan)<\/em><\/span><\/p>\n<p><strong>20.30<\/strong> Caf\u00e9et \u00f6ppnar <em>ELF H\u00e4ssleholm<\/em><br \/><strong>22.00<\/strong> Kv\u00e4llsaktivtet <i>ELF H\u00e4ssleholm<\/i><br \/><strong>23.00<\/strong> Aftonb\u00f6n <em>ELF H\u00e4ssleholm<\/em><\/p>\n<\/div><\/div>\n\n<div class=\"et_pb_tab_1 et_pb_tab clearfix et_pb_module et_block_module\"><div class=\"et_pb_tab_content\"><p><em>Montrarna har \u00f6ppet i anslutning till alla m\u00f6ten<\/em><br \/><strong>09.45<\/strong> Lovs\u00e5ng <em>Missionskyrkan<br \/><\/em><strong>10.00<\/strong> <strong>F\u00f6rmiddagsm\u00f6te<\/strong> <em>Missionskyrkan<\/em><em><\/em><\/p>\n<p>M\u00e4nniskan - Guds avbild - Benedikte Nilsson<em><br \/><\/em>\"Jag hatar era fester\" - Oskar Wikdahl<br \/>Medm\u00e4nniska i praktiken - Annette Danielsson<em><\/em><\/p>\n<p><span>Barnsamling <em>(samling p\u00e5 m\u00f6tet, g\u00e5r gemensamt till ELF)<\/em><\/span><\/p>\n<p><strong>12.30<\/strong> Lunch p\u00e5 stan<br \/><strong>13.00<\/strong> Caf\u00e9et \u00f6ppnar <em>ELF H\u00e4ssleholm<br \/><\/em><strong>14.00<\/strong> Seminarier 1 <em>L\u00e4s mer under fliken <a href=\"elungdom.se\/vintermotet\/seminarium\">Seminarium<\/a><br \/>Seminarierna h\u00e5lls i Missionskyrkan samt i F\u00f6rsamlingshuset<br \/><\/em><strong>14.00<\/strong> Aktiviteter <em>Mer information kommer<br \/><\/em>Barnsamling <em>(lek och r\u00f6relse) i spegelsalen, HTS<\/em><br \/><strong>15.00<\/strong> Seminarier 2<br \/><strong>16.00<\/strong> Seminarier 3<br \/><strong>19.00 Kv\u00e4llsm\u00f6te<\/strong> <em>Kyrkan<\/em><\/p>\n<p>Guds k\u00e4rlek - i dig! - M\u00e5ns Norrs\u00e9n<\/p>\n<p><span>Barnsamling <em>(samling p\u00e5 m\u00f6tet, g\u00e5r gemensamt till k\u00e4llaren, Kyrkan)<\/em><\/span><\/p>\n<p><strong>20.30<\/strong> Caf\u00e9et \u00f6ppnar <em>ELF H\u00e4ssleholm<br \/><strong><\/strong><\/em><strong>22.00<\/strong> Kv\u00e4llsaktivtet <em>ELF H\u00e4ssleholm<br \/><\/em><em><strong>22.30 Outreach med REACH<\/strong><\/em><\/p>\n<h6>Evangelisation p\u00e5 stan<\/h6>\n<p><strong>23.00<\/strong> Aftonb\u00f6n <em>ELF H\u00e4ssleholm<\/em><\/p>\n<h6><em><br \/><\/em><em><\/em><\/h6>\n<\/div><\/div>\n\n<div class=\"et_pb_tab_2 et_pb_tab clearfix et_pb_module et_block_module\"><div class=\"et_pb_tab_content\"><p><strong>10.45 <\/strong>Lovs\u00e5ng i <em>Kyrkan<\/em><strong><br \/>11.00 Gudstj\u00e4nst med m\u00e4ssa<\/strong> <em>Kyrkan<\/em><\/p>\n<p><b>R\u00e4ttf\u00e4rdig f\u00f6r andras skull <\/b><br \/>Predikant: Daniel Lyckander<br \/>Celebrant: Pontus M\u00e5rtensson<\/p>\n<p><span>Barnsamling <em>(samling p\u00e5 m\u00f6tet, sm\u00e5 barn g\u00e5r till k\u00e4llaren, Kyrkan och stora barn g\u00e5r till ELF H\u00e4ssleholm)<\/em><\/span><\/p>\n<p><strong>ca 12.30<\/strong> Enklare lunch utanf\u00f6r <em>Kyrkan<\/em><\/p>\n<\/div><\/div>\n<\/div><\/div>\n\n<div class=\"et_pb_text_1 et_pb_text et_pb_bg_layout_light et_pb_module et_block_module preset--module--divi-text--default\"><div class=\"et_pb_text_inner\"><p>Nedan finns information om platserna som omn\u00e4mns i programmet.<\/p>\n<p><em>Incheckning<\/em> g\u00f6rs vid entr\u00e9n till respektive m\u00f6te.<\/p>\n<p><strong>KYRKAN<\/strong> - H\u00e4ssleholms Kyrka p\u00e5 Kyrkbacken 1. H\u00e4r h\u00e5lls kv\u00e4llsm\u00f6ten och s\u00f6ndagens gudstj\u00e4nst.<em><br \/><\/em><strong>ELF H\u00c4SSLEHOLM<\/strong> - Missionshuset p\u00e5 F\u00f6rsta Avenyen 11. H\u00e4r finns caf\u00e9 och montrar.\u00a0<br \/><strong>MISSIONSKYRKAN<\/strong> - Missionshuset p\u00e5 F\u00f6rsta Avenyen 9. H\u00e4r h\u00e5lls f\u00f6rmiddagsm\u00f6tet och seminarier.<br \/><b>F\u00d6RSAMLINGSHUSET<\/b> - Svenska Kyrkans f\u00f6rsamlingshus p\u00e5 Kyrkbacken 2. H\u00e4r h\u00e5lls seminarier.<\/p>\n<p><strong>BARNSAMLING<\/strong> - l\u00e4s mer under fliken <a href=\"https:\/\/elungdom.se\/vintermotet\/info\">INFO<\/a>.<\/p>\n<p>&nbsp;<\/p>\n<\/div><\/div>\n<\/div>\n<\/div>\n<\/div>","protected":false},"excerpt":{"rendered":"","protected":false},"author":1,"featured_media":0,"parent":0,"menu_order":0,"comment_status":"closed","ping_status":"closed","template":"","meta":{"footnotes":""},"class_list":["post-124","page","type-page","status-publish","hentry"],"_links":{"self":[{"href":"https:\/\/www.elungdom.se\/vintermotet\/wp-json\/wp\/v2\/pages\/124","targetHints":{"allow":["GET"]}}],"collection":[{"href":"https:\/\/www.elungdom.se\/vintermotet\/wp-json\/wp\/v2\/pages"}],"about":[{"href":"https:\/\/www.elungdom.se\/vintermotet\/wp-json\/wp\/v2\/types\/page"}],"author":[{"embeddable":true,"href":"https:\/\/www.elungdom.se\/vintermotet\/wp-json\/wp\/v2\/users\/1"}],"replies":[{"embeddable":true,"href":"https:\/\/www.elungdom.se\/vintermotet\/wp-json\/wp\/v2\/comments?post=124"}],"version-history":[{"count":37,"href":"https:\/\/www.elungdom.se\/vintermotet\/wp-json\/wp\/v2\/pages\/124\/revisions"}],"predecessor-version":[{"id":1209,"href":"https:\/\/www.elungdom.se\/vintermotet\/wp-json\/wp\/v2\/pages\/124\/revisions\/1209"}],"wp:attachment":[{"href":"https:\/\/www.elungdom.se\/vintermotet\/wp-json\/wp\/v2\/media?parent=124"}],"curies":[{"name":"wp","href":"https:\/\/api.w.org\/{rel}","templated":true}]}}